prime factors of 511861.
7, 83, 881
List the prime factors of 806872.
2, 11, 53, 173
List the prime factors of 28569904.
2, 11, 271, 599
List the prime factors of 12037682.
2, 41, 146801
List the prime factors of 941472.
2, 3, 7, 467
List the prime factors of 8382496.
2, 17, 19, 811
List the prime factors of 217860.
2, 3, 5, 3631
What are the prime factors of 260242?
2, 130121
List the prime factors of 284634.
2, 3, 7, 251
List the prime factors of 2133349.
83, 25703
What are the prime factors of 85783?
109, 787
List the prime factors of 1699683.
3, 19, 29819
List the prime factors of 4167205.
5, 7, 73, 233
List the prime factors of 45933.
3, 61, 251
What are the prime factors of 977906?
2, 43, 83, 137
What are the prime factors of 169668?
2, 3, 1571
List the prime factors of 21760426.
2, 359, 30307
What are the prime factors of 4445923?
23, 193301
List the prime factors of 687641.
687641
List the prime factors of 74862.
2, 3, 4159
List the prime factors of 240532.
2, 60133
What are the prime factors of 5045511?
3, 1681837
List the prime factors of 328607.
61, 5387
List the prime factors of 5872855.
5, 1174571
What are the prime factors of 4909877?
7, 353, 1987
List the prime factors of 3546937.
1597, 2221
What are the prime factors of 18869215?
5, 409, 9227
What are the prime factors of 87540?
2, 3, 5, 1459
List the prime factors of 408109.
13, 31393
List the prime factors of 2635341.
3, 31, 43, 659
List the prime factors of 2535158.
2, 1267579
What are the prime factors of 172138?
2, 86069
List the prime factors of 11346854.
2, 17, 61, 5471
List the prime factors of 12223053.
3, 283, 4799
What are the prime factors of 185025?
3, 5, 2467
What are the prime factors of 445496?
2, 233, 239
What are the prime factors of 189069?
3, 19, 31, 107
List the prime factors of 3144512.
2, 7, 7019
List the prime factors of 16635.
3, 5, 1109
What are the prime factors of 2262793?
13, 174061
List the prime factors of 209944.
2, 7, 23, 163
What are the prime factors of 112820?
2, 5, 5641
What are the prime factors of 29647954?
2, 7, 2117711
List the prime factors of 14485.
5, 2897
What are the prime factors of 675498?
2, 3, 112583
What are the prime factors of 2888455?
5, 23, 25117
List the prime factors of 1109347.
1109347
What are the prime factors of 2957550?
2, 3, 5, 19717
What are the prime factors of 467399?
467399
List the prime factors of 790392.
2, 3, 32933
What are the prime factors of 667696?
2, 29, 1439
What are the prime factors of 37060?
2, 5, 17, 109
What are the prime factors of 8932033?
11, 19, 42737
What are the prime factors of 14843798?
2, 2269, 3271
List the prime factors of 6517637.
7, 133013
What are the prime factors of 607?
607
What are the prime factors of 2415992?
2, 301999
List the prime factors of 588802.
2, 83, 3547
List the prime factors of 1544617.
191, 8087
List the prime factors of 928226.
2, 13, 19, 1879
What are the prime factors of 1345775?
5, 53831
List the prime factors of 10123815.
3, 5, 13, 193, 269
What are the prime factors of 16555016?
2, 2069377
List the prime factors of 246315.
3, 5, 16421
List the prime factors of 7723685.
5, 311, 4967
List the prime factors of 3180970.
2, 5, 13, 24469
What are the prime factors of 198986?
2, 37, 2689
List the prime factors of 44723.
7, 6389
What are the prime factors of 3625980?
2, 3, 5, 223, 271
List the prime factors of 332998.
2, 167, 997
List the prime factors of 106700.
2, 5, 11, 97
What are the prime factors of 368554?
2, 127, 1451
What are the prime factors of 103905?
3, 5, 2309
What are the prime factors of 19238?
2, 9619
List the prime factors of 4912117.
7, 701731
List the prime factors of 713977.
11, 47, 1381
List the prime factors of 1450464.
2, 3, 29, 521
List the prime factors of 7857469.
19, 413551
What are the prime factors of 974489?
974489
List the prime factors of 4214380.
2, 5, 210719
List the prime factors of 59348.
2, 37, 401
What are the prime factors of 288555?
3, 5, 19237
What are the prime factors of 163494?
2, 3, 31, 293
List the prime factors of 9159110.
2, 5, 915911
List the prime factors of 10780011.
3, 11, 19, 521
List the prime factors of 243886.
2, 197, 619
What are the prime factors of 25890?
2, 3, 5, 863
What are the prime factors of 374132?
2, 11, 773
What are the prime factors of 116917?
43, 2719
What are the prime factors of 14919468?
2, 3, 181, 6869
What are the prime factors of 26610?
2, 3, 5, 887
List the prime factors of 989854.
2, 494927
What are the prime factors of 203183?
203183
What are the prime factors of 1641947?
23, 71389
What are the prime factors of 6260922?
2, 3, 23, 71
What are the prime factors of 230862?
2, 3, 109, 353
What are the prime factors of 200997?
3, 23, 971
List the prime factors of 35982153.
3, 59, 67763
List the prime factors of 159625.
5, 1277
What are the prime factors of 3921245?
5, 784249
What are the prime factors of 3199216?
2, 59, 3389
What are the prime factors of 2253?
3, 751
What are the prime factors of 571934?
2, 11, 25997
What are the prime factors of 19819800?
2, 3, 5, 7, 11, 13
List the prime factors of 712705.
5, 7, 2909
List the prime factors of 474548.
2, 31, 43, 89
List the prime factors of 2438531.
17, 143443
What are the prime factors of 9542595?
3, 5, 29, 21937
What are the prime factors of 3680638?
2, 13, 53, 2671
List the prime factors of 1118955.
3, 5, 74597
What are the prime factors of 2053538?
2, 53, 19373
List the prime factors of 194555.
5, 167, 233
List the prime factors of 4712264.
2, 17, 34649
What are the prime factors of 8333578?
2, 11, 41, 9239
What are the prime factors of 191332?
2, 31, 1543
List the prime factors of 324819.
3, 11, 17, 193
List the prime factors of 2593244.
2, 43, 15077
What are the prime factors of 3937064?
2, 17, 28949
What are the prime factors of 10517508?
2, 3, 463, 631
List the prime factors of 51614.
2, 131, 197
What are the prime factors of 779871?
3, 47, 5531
List the prime factors of 785026.
2, 11, 17, 2099
What are the prime factors of 71941?
71941
List the prime factors of 2767099.
89, 31091
List the prime factors of 369690.
2, 3, 5, 12323
What are the prime factors of 6429073?
7, 918439
What are the prime factors of 839052?
2, 3, 17, 457
List the prime factors of 12086241.
3, 4028747
List the prime factors of 907035.
3, 5, 17, 3557
List the prime factors of 3744203.
1151, 3253
What are the prime factors of 10019?
43, 233
What are the prime factors of 33690192?
2, 3, 17, 19, 41, 53
List the prime factors of 158520.
2, 3, 5, 1321
What are the prime factors of 130768?
2, 11, 743
What are the prime factors of 1245900?
2, 3, 5, 4153
List the prime factors of 243899.
17, 14347
List the prime factors of 721080.
2, 3, 5, 2003
List the prime factors of 1194169.
19, 62851
What are the prime factors of 7264?
2, 227
What are the prime factors of 1142258?
2, 13, 43933
What are the prime factors of 559776?
2, 3, 7, 17
What are the prime factors of 6450715?
5, 1290143
What are the prime factors of 500960?
2, 5, 31, 101
What are the prime factors of 217887?
3, 59, 1231
List the prime factors of 5612538.
2, 3, 935423
What are the prime factors of 48021?
3, 16007
What are the prime factors of 4623011?
1087, 4253
List the prime factors of 149992.
2, 18749
List the prime factors of 510419.
7, 13, 71, 79
List the prime factors of 497657.
107, 4651
What are the prime factors of 388924?
2, 97231
What are the prime factors of 401224?
2, 50153
What are the prime factors of 939482?
2, 113, 4157
What are the prime factors of 669556?
2, 73, 2293
What are the prime factors of 147687?
3, 19, 2591
List the prime factors of 926227.
926227
List the prime factors of 955465.
5, 7, 27299
List the prime factors of 5610961.
1103, 5087
What are the prime factors of 110284?
2, 79, 349
What are the prime factors of 1612269?
3, 359, 499
List the prime factors of 6975672.
2, 3, 11, 26423
What are the prime factors of 24088569?
3, 197, 40759
List the prime factors of 2642199.
3, 7, 47, 2677
List the prime factors of 221316.
2, 3, 18443
What are the prime factors of 470546?
2, 235273
List the prime factors of 1798800.
2, 3, 5, 1499
List the prime factors of 502173.
3, 7, 2657
What are the prime factors of 7878401?
29, 317, 857
List the prime factors of 1668970.
2, 5, 47, 53, 67
List 